.
8
Calculate the remainder when 885253 is divided by 35.
33
What is the remainder when 6880406 is divided by 135?
131
Calculate the remainder when 96122 is divided by 1175.
947
Calculate the remainder when 130398 is divided by 378.
366
What is the remainder when 7820 is divided by 557?
22
Calculate the remainder when 15176 is divided by 30.
26
Calculate the remainder when 1258 is divided by 63.
61
What is the remainder when 75646 is divided by 13?
12
What is the remainder when 11467 is divided by 261?
244
What is the remainder when 8441 is divided by 8141?
300
What is the remainder when 91407 is divided by 18273?
42
What is the remainder when 78811 is divided by 2717?
18
What is the remainder when 5393 is divided by 76?
73
What is the remainder when 96392 is divided by 277?
273
Calculate the remainder when 3277 is divided by 35.
22
Calculate the remainder when 65456 is divided by 563.
148
What is the remainder when 88242 is divided by 13?
11
What is the remainder when 165450 is divided by 266?
264
What is the remainder when 4151 is divided by 1754?
643
Calculate the remainder when 1306691 is divided by 27.
26
What is the remainder when 9579 is divided by 1196?
11
What is the remainder when 19306 is divided by 1853?
776
Calculate the remainder when 54729 is divided by 18243.
0
Calculate the remainder when 370801 is divided by 532.
529
Calculate the remainder when 36848 is divided by 11.
9
What is the remainder when 2546 is divided by 5?
1
What is the remainder when 404 is divided by 203?
201
Calculate the remainder when 175027 is divided by 2333.
52
Calculate the remainder when 34392 is divided by 732.
720
Calculate the remainder when 9088 is divided by 9084.
4
Calculate the remainder when 8649 is divided by 332.
17
What is the remainder when 337943 is divided by 3520?
23
What is the remainder when 5955 is divided by 182?
131
Calculate the remainder when 41768 is divided by 11.
1
Calculate the remainder when 14802 is divided by 24.
18
Calculate the remainder when 2664 is divided by 653.
52
Calculate the remainder when 10831 is divided by 115.
21
What is the remainder when 4079 is divided by 1315?
134
What is the remainder when 55455 is divided by 7914?
57
What is the remainder when 4862 is divided by 351?
299
Calculate the remainder when 55991 is divided by 18634.
89
Calculate the remainder when 317297 is divided by 100.
97
Calculate the remainder when 2506 is divided by 438.
316
Calculate the remainder when 2181 is divided by 228.
129
Calculate the remainder when 943257 is divided by 90.
57
Calculate the remainder when 105 is divided by 15.
0
What is the remainder when 3359 is divided by 61?
4
Calculate the remainder when 195665 is divided by 195639.
26
Calculate the remainder when 84458 is divided by 40.
18
Calculate the remainder when 1218 is divided by 24.
18
What is the remainder when 257637 is divided by 1684?
1669
What is the remainder when 46633 is divided by 471?
4
Calculate the remainder when 84868 is divided by 414.
412
Calculate the remainder when 15558 is divided by 40.
38
Calculate the remainder when 3018 is divided by 939.
201
What is the remainder when 6827837 is divided by 19?
16
What is the remainder when 1061 is divided by 612?
449
What is the remainder when 441 is divided by 373?
68
What is the remainder when 3917 is divided by 1864?
189
What is the remainder when 1181 is divided by 191?
35
What is the remainder when 360373 is divided by 487?
480
Calculate the remainder when 133503 is divided by 3608.
7
Calculate the remainder when 59990 is divided by 100.
90
What is the remainder when 672970 is divided by 6174?
4
Calculate the remainder when 78679 is divided by 39334.
11
What is the remainder when 902 is divided by 871?
31
Calculate the remainder when 11467 is divided by 16.
11
What is the remainder when 19897 is divided by 177?
73
Calculate the remainder when 5212 is divided by 373.
363
What is the remainder when 118844 is divided by 1212?
68
Calculate the remainder when 2786 is divided by 174.
2
Calculate the remainder when 882714 is divided by 23.
20
What is the remainder when 249 is divided by 172?
77
What is the remainder when 214298 is divided by 22?
18
What is the remainder when 686718 is divided by 383?
382
Calculate the remainder when 15592 is divided by 184.
136
Calculate the remainder when 57047 is divided by 220.
67
What is the remainder when 232308 is divided by 1434?
0
Calculate the remainder when 1769 is divided by 1768.
1
Calculate the remainder when 35020 is divided by 8746.
36
What is the remainder when 1279533 is divided by 378?
3
What is the remainder when 820861 is divided by 223?
221
Calculate the remainder when 47646 is divided by 53.
52
What is the remainder when 42602 is divided by 463?
6
What is the remainder when 895927 is divided by 70?
67
What is the remainder when 4380 is divided by 4372?
8
Calculate the remainder when 28897 is divided by 9212.
1261
What is the remainder when 28314 is divided by 10?
4
What is the remainder when 22129 is divided by 22120?
9
What is the remainder when 31089 is divided by 22?
3
What is the remainder when 1073029 is divided by 7?
6
What is the remainder when 1155 is divided by 159?
42
Calculate the remainder when 333100 is divided by 161.
152
What is the remainder when 10938 is divided by 2495?
958
Calculate the remainder when 3407 is divided by 380.
367
Calculate the remainder when 2795 is divided by 315.
275
Calculate the remainder when 1628 is divided by 118.
94
Calculate the remainder when 20277 is divided by 654.
3
What is the remainder when 1864 is divided by 41?
19
What is the remainder when 62549 is divided by 10411?
83
What is the remainder when 98734 is divided by 14102?
20
Calculate the remainder when 6621 is divided by 265.
261
Calculate the remainder when 7741 is divided by 2542.
115
Calculate the remainder when 186043 is divided by 816.
811
Calculate the remainder when 111813 is divided by 18620.
93
Calculate the remainder when 582 is divided by 59.
51
Calculate the remainder when 51461 is divided by 7338.
95
What is the remainder when 7074 is divided by 28?
18
What is the remainder when 32290 is divided by 11?
5
Calculate the remainder when 9293 is divided by 172.
5
What is the remainder when 53339 is divided by 9?
5
Calculate the remainder when 10081 is divided by 131.
125
What is the remainder when 4739 is divided by 148?
3
What is the remainder when 3615636 is divided by 118?
116
What is the remainder when 348494 is divided by 20?
14
Calculate the remainder when 78623 is divided by 11220.
83
Calculate the remainder when 105460 is divided by 1883.
12
Calculate the remainder when 2681 is divided by 359.
168
What is the remainder when 3998 is divided by 201?
179
Calculate the remainder when 19693 is divided by 9845.
3
What is the remainder when 3658 is divided by 244?
242
What is the remainder when 2749 is divided by 50?
49
What is the remainder when 2065 is divided by 2034?
31
What is the remainder when 3577 is divided by 281?
205
Calculate the remainder when 24228 is divided by 564.
540
What is the remainder when 31742 is divided by 2251?
228
What is the remainder when 80139 is divided by 16?
11
What is the remainder when 2230 is divided by 1683?
547
Calculate the remainder when 7759 is divided by 1560.
1519
What is the remainder when 247500 is divided by 23?
20
Calculate the remainder when 19134 is divided by 204.
162
What is the remainder when 1912 is divided by 1586?
326
Calculate the remainder when 58207 is divided by 3878.
37
What is the remainder when 1794 is divided by 72?
66
What is the remainder when 3601 is divided by 328?
321
Calculate the remainder when 28384 is divided by 342.
340
Calculate the remainder when 262383 is divided by 23.
22
What is the remainder when 28078 is divided by 9289?
211
Calculate the remainder when 39783 is divided by 6590.
243
Calculate the remainder when 76015 is divided by 45.
10
Calculate the remainder when 16590619 is divided by 249.
247
What is the remainder when 2313 is divided by 975?
363
What is the remainder when 2587 is divided by 117?
13
What is the remainder when 11486 is divided by 2865?
26
What is the remainder when 31757 is divided by 10585?
2
Calculate the remainder when 58576 is divided by